j(i). Let q(v) = 2*v - 9. Give q(o).
5
Let s be -5*(3 - 57/15). Suppose -s*v + 0 = -4. Let j = v - 4. Let o(a) = -a - 2. Calculate o(j).
1
Let c(o) = -o**2 + 5*o. Let l be c(4). Let t(y) = -2*y**2 + 4*y + 4. What is t(l)?
-12
Let m be 17/33 + (-8)/44. Let w(i) be the second derivative of -i**3 + 1/20*i**5 + 1/2*i**2 + i + m*i**4 + 0. Give w(-5).
6
Let s(d) = 2*d**2. Suppose -3*n = 12 - 9. Give s(n).
2
Let a(y) = 2*y + 14. Let j be a(-6). Let g(b) = -j*b - b + b + b. What is g(5)?
-5
Let f(b) be the third derivative of 1/24*b**4 - 7*b**2 + 0 + 0*b + 1/2*b**3. Give f(-4).
-1
Let d(l) be the third derivative of l**6/120 + l**5/10 + l**4/12 - l**3/6 + 9*l**2 - l. Suppose 3*n - 4*n = 6. What is d(n)?
-13
Suppose 0 = i + 2 - 1. Let b be 3*2/6*i. Let c(w) = 3*w. Let p be c(b). Let r(u) = -u**3 - 3*u**2. Determine r(p).
0
Let b(r) = -4*r**2 + r - 4. Let i(n) be the third derivative of 0 + 1/2*n**3 + n**2 - 1/24*n**4 + 1/20*n**5 + 0*n. Let u(t) = -2*b(t) - 3*i(t). What is u(3)?
-7
Suppose -g + 2*r + 7 = 0, 4*g + r - 8 = 5*r. Let x(a) = 4*a - 1. Let o(s) = -5*s + 2. Suppose -2*m - 3 = -m. Let h(l) = m*o(l) - 4*x(l). Determine h(g).
1
Let p(m) be the third derivative of 1/8*m**4 + m**2 - 1/60*m**5 + 0 + 0*m + m**3. What is p(5)?
-4
Let p be 10*(24/(-10))/(-4). Let d(g) = -9*g + 22*g**2 - g**3 - 28*g**2 + 2*g - p. Let w = -15 + 10. Give d(w).
4
Suppose 0*c - 3*c = 12. Let j(g) = -7*g**2 + 3*g**2 + 1 - 5 - g**3 - 3*g. Calculate j(c).
8
Let o(m) be the second derivative of 0 - 7/12*m**4 - 1/20*m**5 - 4*m + 7/2*m**2 + 3/2*m**3. Give o(-8).
-1
Let t(h) be the second derivative of -h**5/20 - h**4/12 - h**3/6 - 9*h**2/2 - 2*h. What is t(0)?
-9
Suppose 4*c - 20 = 4*f, -c - 2*f = -0*f - 2. Let v = c + -3. Let i(a) = -a. What is i(v)?
-1
Let g(h) = -h + 4. Suppose 6 = -5*a + 21. Suppose -4*b = 3*v - 19, 7 = 2*b + a*v - 4*v. Let p be g(b). Let l(q) = -q**3 + q**2 + q + 6. Give l(p).
6
Let d(b) = b - 1. Suppose 2*k + 2*g = 11 + 1, -28 = -4*k - 5*g. What is d(k)?
1
Let q(n) = 4*n - n**2 + 2 - 3 - 7*n. Determine q(-4).
-5
Let o be (-5)/(20/(-3))*4. Let u(m) = -4*m**3 + 4*m**2 + 2 + 2*m**3 - m**o + 2*m**3. Calculate u(4).
2
Let f = -9 + 5. Let c(t) = 4 + 14*t - t**2 - 4*t - 11*t. What is c(f)?
-8
Let n be (-5 + 2)*(-16)/12. Let a(o) = -8 - 4*o**2 + n*o**2 - 6*o**3 + 5*o**3. Let c be 0/(0 + -1 + -1). Calculate a(c).
-8
Let u(m) = -m**2 + 12*m - 6*m + 3*m - 6. Let j(a) = a**3 - 5*a**2 - 5*a. Let q be j(6). Calculate u(q).
12
Let v(p) = p**3 + 3*p**2 - 3*p + 3. Suppose 24 = -3*t - 3*t. What is v(t)?
-1
Let g(m) = -m**2 + 4*m - 1. Let n(h) = -h**3 - h. Let w(q) = 0*q - 4*q**2 + 3*q**3 - 4*q + 3*q + 5 + 3*q. Let d(b) = 2*n(b) + w(b). Let p be d(4). Give g(p).
-6
Suppose 3*a - 3*f = 0, -a - 2*f = 5 + 4. Let s = a + 4. Let b(h) = -s + 0*h + 0*h + h. Give b(3).
2
Let b(f) be the first derivative of -f**4/2 - f**3/3 + f**2/2 + 152. Suppose 0 = 2*j - 1 - 1. Determine b(j).
-2
Let z(k) = 2*k - 4. Let a(d) = 2*d + 1. Let s(r) = -3*a(r) - z(r). Determine s(1).
-7
Let q(g) = 5*g**3 + 7*g**2 + 3*g + 1. Let p(f) = -4*f**3 - 7*f**2 - 4*f - 2. Let b(v) = 4*p(v) + 3*q(v). What is b(-6)?
1
Let s(q) = 4*q. Suppose 0 = -3*y + 5 - 41. Let i be 15/y + 15/(-20). What is s(i)?
-8
Let x(l) = l**2 - 4*l + 2. Suppose -2*i - 13 - 3 = 0. Let p = i + 11. Let c be x(p). Let t(y) = 7*y - 1. Calculate t(c).
-8
Let s(o) = o**2 + 8*o + 4. Let g be s(-8). Suppose -a = -g*a. Suppose a*w = -2*w. Let u(p) = p**2 - p. Determine u(w).
0
Let p be (-7 - -10)/((-6)/(-4)). Let g(t) = t**2 + t - 1. Give g(p).
5
Let t(v) = v**3 - 7*v**2 + 6*v - 9. Let q be 6/63 + (-248)/(-42). What is t(q)?
-9
Let k = 50 + -148/3. Let v(d) be the first derivative of 0*d**2 + d + 2 - k*d**3. What is v(-1)?
-1
Let w = 9 - 7. Let p(m) = 4*m - 2*m**3 + m**3 - m + 2*m**w + m**2 - 1. What is p(2)?
9
Let h(u) be the first derivative of u**2 + u - 3. Suppose 0 = -2*m + m + 9. Suppose -3*z = -m, 0*b - 3*z = -5*b - 29. Calculate h(b).
-7
Let b(o) = -o**3 + 7*o**2 - 9*o + 13. Let y(z) = -z**3 + 7*z**2 - 10*z + 15. Let h(n) = 3*b(n) - 2*y(n). Let k = 1 + -1. Let v = 6 + k. Determine h(v).
3
Let l(m) be the first derivative of 3*m**3/2 - m**2/2 - 5*m + 6. Let c(w) be the first derivative of l(w). Determine c(-1).
-10
Let y(b) be the first derivative of -b**4/2 - 2*b**3/3 + b**2/2 - 2*b - 7. Determine y(-2).
4
Let l(y) = y + 6. Suppose 2*s - 6 = t, 4*t - 2*s = -5 - 1. Determine l(t).
6
Let s(c) = -c**2 + 5*c - 3. Let g be 2/(4/(-1))*-10. Let i be s(g). Let x(z) = z. Let d(u) = 2*u - 1. Let a(r) = -d(r) + 3*x(r). Give a(i).
-2
Let g(u) = -3*u + 3. Let b(v) = 4*v - 4. Suppose 13 = j + y - 4*y, j = -2*y - 12. Let a(s) = j*b(s) - 3*g(s). What is a(-4)?
-5
Let c(a) = a**3 - 6*a**2 + 4*a + 4. Suppose 3*g - 4*s - 32 = 0, s + 0*s = -5. Determine c(g).
-12
Let o(p) = -p + 5. Let u be o(4). Suppose t - u = -0. Let q(n) = -4 + 6*n**2 + 2 + n + 1. Calculate q(t).
6
Let n(h) be the third derivative of -1/2*h**3 + 1/6*h**4 - 3*h**2 + 0*h - 1/360*h**6 + 0 - 1/24*h**5. Let a(m) be the first derivative of n(m). What is a(-6)?
-2
Let v(a) be the first derivative of a + 2 - 1/4*a**4 - a**2 - 2/3*a**3. Calculate v(-2).
5
Let t(w) = -w**2 - 10*w - 4. Suppose -13 = 6*j + 47. Calculate t(j).
-4
Let a(d) be the second derivative of d**4/12 + 3*d**3/2 + 9*d**2/2 + 65*d. Give a(-7).
-5
Let u = -21 + 65/3. Let k(h) be the second derivative of -h**2 + h + 0 - u*h**3. Calculate k(-3).
10
Suppose -3 = 6*k - 9. Let c(a) = -3*a - 2*a**3 + 1 - 2*a**2 + 3*a. What is c(k)?
-3
Suppose -5*l - y - 33 = 0, 5*l - 2*y - 3*y = -15. Let t(k) = k. Determine t(l).
-6
Let l(b) = b**2 - 2*b. Let v be 6 - (1 - 0) - -1. Let f = -2 + v. Calculate l(f).
8
Let l(c) = 2*c + 2. Let r be l(4). Suppose r = -3*m + m. Let v(d) = -8 + d**2 - 2*d**2 - 5*d + 2. Determine v(m).
-6
Let l(o) = 3 - 13*o + 22*o + 0*o**2 - o**2 - 10*o. Determine l(0).
3
Let d = -151 + 156. Let y(t) = -t**2 + 5*t + 3. Determine y(d).
3
Let f(y) be the third derivative of -y**6/120 - y**5/30 - y**4/12 + 13*y**2. Give f(-2).
4
Let y(z) be the third derivative of -z**8/3360 + z**7/840 - z**6/720 + 5*z**4/24 - 4*z**2. Let h(c) be the second derivative of y(c). Determine h(2).
-6
Let u(p) = -p**3 + p**2 + 2*p - 2. Suppose -4*c + 5*r = -32, 0 = -2*c + 3*c - 5*r - 23. Calculate u(c).
-14
Let g(l) = l**2 + 1. Let k(m) = -4*m**2 - 5*m - 8. Let q(d) = 3*g(d) + k(d). Let j = -75 + 71. Give q(j).
-1
Suppose -5*i + 6 = r + 2*r, -4 = -r - i. Let x(t) = t**2 - 5*t - 9. What is x(r)?
5
Let a(v) = -v + 1. Let w(r) = r - 5. Let j(d) = 6*a(d) + w(d). Calculate j(2).
-9
Let t(r) = -81*r + r**2 + 168*r - 86*r. Determine t(2).
6
Let r(i) = i**3 + 0*i**2 - 165 + 3*i**2 - 2*i**2 + 163. Give r(0).
-2
Let m(i) = -i - 3*i - 30*i**2 - i**3 + 36*i**2 - 4 + 0*i**3. Calculate m(5).
1
Let z(w) be the second derivative of -w**6/360 + w**5/60 - w**4/6 + w. Let b(g) be the third derivative of z(g). Let q be 4/10 + (-32)/(-20). Give b(q).
-2
Let l be 6*(12/9 - 0). Suppose 0 = -2*s - l + 2. Let x(y) = -y**3 - 4*y**2 - y + 1. Determine x(s).
-5
Let c be 4 + (1 - 0) + -3. Let l(t) = -t**3 + 3*t**2 - 2*t + 3. What is l(c)?
3
Suppose -4*l + 25 = -23. Suppose -3*b = 3*v + l, 4*v + 3*b + 9 = 6*b. Let n(k) = -3*k - 4 + 3*k + k**3 + 3*k**2 - 2*k. Determine n(v).
2
Let h(f) = f**2 + 3*f + 2. Let d be h(-4). Suppose -2*m - 4*a = 28, -5*a - d - 39 = 5*m. Let c(k) = -k**3 - 5*k**2 - 4*k. Give c(m).
0
Let u(w) be the second derivative of w**4/12 + 2*w**3/3 - w**2/2 - 11*w. Determine u(-4).
-1
Let s(g) = -g**2 + 2*g + 1. Let k = 8 - 6. Suppose -k*b = b - l - 7, -3*l = 2*b - 1. What is s(b)?
1
Let v(f) = -f - 4. Let g(h) = 2 - 9*h - 7 - h**2 - 5. Let l be g(-7). Suppose 5*c = -2*o, 2*o + 2*o = -l*c. Determine v(o).
-4
Let q(y) = -8 + 28*y - 11*y - 9*y - 9*y. What is q(-11)?
3
Let p(l) = -l**3 - 3*l**2 - 3*l - 4. Let w = -7 + 7. Let m be -3 + (-1 - (-1 - w)). What is p(m)?
5
Let u = -1 - -7. Let w(t) be the first derivative of -3*t**2/2 + 7*t - 28. Give w(u).
-11
Suppose o + 6 = 3*g + 1, 3*g - 10 = 2*o. Let c(a) = -a + 2. What is c(o)?
7
Let k(w) = -4 + 11*w**2 - 5*w**2 - 3*w**2 + 2*w - w**3. Determine k(3).
2
Suppose 0 = r - 5*r + 12. Let c(p) = -r*p + 3 + p**3 + 0*p + 6*p - 5*p**2. Suppose 2*t - 9 = -t. What is c(t)?
-6
Let r = -23 - -22. Let o(a) = 9*a**3 - 2*a**2 - 2*a - 1.